r of 81 and 1?
1
Calculate the greatest common divisor of 2294 and 74.
74
Calculate the highest common divisor of 552 and 192.
24
What is the highest common divisor of 637 and 98?
49
Calculate the greatest common divisor of 200 and 2325.
25
Calculate the highest common divisor of 156 and 988.
52
Calculate the highest common divisor of 3100 and 1300.
100
Calculate the greatest common factor of 1127 and 23.
23
What is the highest common divisor of 234 and 18?
18
Calculate the highest common factor of 58 and 493.
29
Calculate the highest common factor of 209 and 1100.
11
Calculate the greatest common factor of 1386 and 36.
18
Calculate the greatest common divisor of 2331 and 63.
63
What is the highest common divisor of 32 and 3184?
16
What is the highest common divisor of 1161 and 86?
43
Calculate the greatest common factor of 86 and 43.
43
What is the greatest common divisor of 123 and 246?
123
Calculate the highest common factor of 77 and 22.
11
Calculate the greatest common divisor of 272 and 1224.
136
What is the greatest common factor of 97 and 13?
1
Calculate the highest common factor of 60 and 6180.
60
What is the highest common divisor of 9 and 57?
3
What is the greatest common divisor of 51 and 26010?
51
Calculate the highest common divisor of 16050 and 30.
30
Calculate the greatest common factor of 14 and 91.
7
What is the highest common factor of 70 and 1910?
10
What is the greatest common divisor of 70 and 10?
10
What is the greatest common factor of 178882 and 173?
173
What is the highest common divisor of 79 and 553?
79
Calculate the greatest common divisor of 154 and 440.
22
Calculate the highest common divisor of 250 and 90.
10
Calculate the highest common divisor of 714 and 63.
21
Calculate the highest common divisor of 2 and 6.
2
What is the greatest common factor of 10959 and 78?
39
Calculate the greatest common divisor of 72 and 192.
24
Calculate the highest common divisor of 128 and 3840.
128
Calculate the greatest common factor of 27 and 909.
9
What is the highest common divisor of 814 and 22?
22
Calculate the highest common factor of 391 and 17.
17
What is the greatest common divisor of 312 and 702?
78
Calculate the highest common divisor of 16 and 148.
4
What is the greatest common factor of 3392 and 2650?
106
Calculate the greatest common divisor of 3 and 1149.
3
What is the greatest common divisor of 4490 and 5?
5
What is the highest common divisor of 144 and 5328?
144
What is the greatest common factor of 45 and 10200?
15
What is the greatest common factor of 992 and 32?
32
Calculate the highest common divisor of 143 and 22.
11
What is the highest common divisor of 25 and 20?
5
Calculate the highest common divisor of 2478 and 42.
42
Calculate the highest common divisor of 308 and 175.
7
Calculate the greatest common factor of 26 and 7046.
26
What is the greatest common factor of 407 and 37?
37
Calculate the highest common factor of 51 and 34017.
51
Calculate the greatest common factor of 69 and 1863.
69
What is the highest common divisor of 208 and 256?
16
Calculate the highest common divisor of 30 and 375.
15
Calculate the greatest common divisor of 34576 and 16.
16
Calculate the highest common factor of 481 and 148.
37
What is the highest common divisor of 9652 and 228?
76
What is the greatest common divisor of 32 and 4368?
16
Calculate the highest common divisor of 9 and 549.
9
What is the greatest common factor of 2680 and 400?
40
Calculate the highest common factor of 875 and 35.
35
What is the highest common factor of 204 and 272?
68
Calculate the greatest common factor of 8 and 136.
8
What is the greatest common factor of 120 and 300?
60
What is the greatest common divisor of 450 and 850?
50
Calculate the greatest common factor of 1675 and 17420.
335
Calculate the greatest common divisor of 205 and 41.
41
Calculate the greatest common divisor of 24 and 552.
24
What is the highest common divisor of 54 and 6558?
6
What is the greatest common factor of 72 and 4869?
9
Calculate the greatest common factor of 32 and 720.
16
Calculate the greatest common divisor of 68149 and 23.
23
What is the highest common factor of 30 and 2235?
15
Calculate the highest common divisor of 100 and 740.
20
Calculate the greatest common factor of 4760 and 32.
8
What is the greatest common divisor of 315 and 819?
63
What is the highest common divisor of 713 and 3379?
31
Calculate the greatest common factor of 247 and 133.
19
Calculate the greatest common factor of 460 and 3335.
115
Calculate the highest common factor of 108 and 348.
12
Calculate the greatest common factor of 6 and 6.
6
Calculate the greatest common factor of 6 and 6.
6
Calculate the highest common divisor of 405 and 1830.
15
Calculate the highest common factor of 1339 and 208.
13
What is the highest common factor of 9 and 3285?
9
What is the greatest common factor of 60 and 80?
20
What is the highest common divisor of 4296 and 48?
24
Calculate the greatest common divisor of 336 and 56.
56
What is the greatest common factor of 2394 and 28?
14
What is the highest common divisor of 153 and 81?
9
What is the highest common divisor of 280 and 4424?
56
What is the greatest common divisor of 2370 and 30?
30
Calculate the highest common divisor of 176 and 55.
11
Calculate the highest common factor of 30 and 606.
6
Calculate the highest common divisor of 58 and 696.
58
Calculate the highest common divisor of 11 and 99.
11
Calculate the greatest common divisor of 588 and 2268.
84
Calculate the greatest common divisor of 25 and 74600.
25
What is the greatest common divisor of 850 and 34?
34
Calculate the greatest common divisor of 61 and 305.
61
Calculate the greatest common divisor of 100 and 275.
25
Calculate the greatest common factor of 368 and 16.
16
What is the greatest common factor of 164 and 24?
4
Calculate the greatest common divisor of 14283 and 1035.
207
Calculate the greatest common factor of 3807 and 18.
9
Calculate the greatest common factor of 12336 and 240.
48
Calculate the greatest common divisor of 3 and 879.
3
Calculate the greatest common factor of 549 and 6283.
61
Calculate the greatest common divisor of 18 and 90.
18
Calculate the greatest common factor of 625 and 225.
25
Calculate the greatest common factor of 60 and 16710.
30
Calculate the highest common factor of 24 and 3300.
12
What is the greatest common divisor of 87 and 24?
3
What is the highest common factor of 102 and 6?
6
Calculate the highest common divisor of 525 and 21.
21
What is the greatest common factor of 18 and 3546?
18
What is the highest common factor of 30 and 510?
30
What is the greatest common divisor of 12 and 324?
12
What is the greatest common factor of 156 and 1300?
52
What is the greatest common factor of 105 and 345?
15
What is the highest common divisor of 28 and 840?
28
What is the highest common divisor of 91 and 84084?
91
What is the greatest common factor of 260 and 8684?
52
Calculate the greatest common divisor of 68 and 4.
4
What is the greatest common factor of 30847 and 283?
283
What is the greatest common divisor of 27400 and 200?
200
Calculate the greatest common divisor of 192 and 6.
6
Calculate the highest common factor of 208 and 6000.
16
Calculate the highest common divisor of 595 and 1295.
35
What is the greatest common divisor of 2288 and 16?
16
What is the highest common factor of 111 and 629?
37
Calculate the highest common factor of 24 and 120.
24
What is the highest common divisor of 17205 and 15?
15
Calculate the greatest common factor of 13650 and 195.
195
Calculate the highest common divisor of 27899 and 46.
23
Calculate the highest common factor of 161 and 1656.
23
Calculate the greatest common factor of 300 and 48.
12
Calculate the highest common divisor of 9 and 81.
9
What is the greatest common divisor of 40 and 320?
40
Calculate the greatest common factor of 52 and 64.
4
What is the highest common divisor of 324 and 5913?
81
What is the greatest common divisor of 22 and 6842?
22
Calculate the highest common divisor of 390 and 120.
30
Calculate the highest common factor of 2110 and 35.
5
Calculate the highest common divisor of 2710 and 10.
10
Calculate the greatest common factor of 1512 and 117.
9
What is the highest common factor of 4 and 1078?
2
C